{"id":29,"date":"2024-10-14T10:45:35","date_gmt":"2024-10-14T10:45:35","guid":{"rendered":"http:\/\/itvestak.co.rs\/?page_id=29"},"modified":"2025-04-09T10:03:31","modified_gmt":"2025-04-09T10:03:31","slug":"kontakt","status":"publish","type":"page","link":"http:\/\/itvestak.co.rs\/?page_id=29","title":{"rendered":"KONTAKT"},"content":{"rendered":"\n<div class=\"wp-block-columns is-layout-flex wp-container-core-columns-is-layout-9d6595d7 wp-block-columns-is-layout-flex\">\n<div class=\"wp-block-column is-layout-flow wp-block-column-is-layout-flow\" style=\"flex-basis:33.33%\">\n<figure class=\"wp-block-image size-full\"><img loading=\"lazy\" decoding=\"async\" width=\"512\" height=\"364\" src=\"http:\/\/itvestak.co.rs\/wp-content\/uploads\/2024\/10\/grb.jpg\" alt=\"\" class=\"wp-image-28\" srcset=\"http:\/\/itvestak.co.rs\/wp-content\/uploads\/2024\/10\/grb.jpg 512w, http:\/\/itvestak.co.rs\/wp-content\/uploads\/2024\/10\/grb-300x213.jpg 300w\" sizes=\"auto, (max-width: 512px) 100vw, 512px\" \/><\/figure>\n<\/div>\n\n\n\n<div class=\"wp-block-column is-layout-flow wp-block-column-is-layout-flow\" style=\"flex-basis:66.66%\">\n<p>Stalni sudski ve\u0161tak za IT <br>Vladimir Stanojevi\u0107<br>doktor ra\u010dunarskih nauka<br>Br. re\u0161enja ministarstva pravde:<br>740-05-00650\/2014-22 od 8.12.2014.<br><strong>Telefon: 063\/329-041<\/strong><br><strong>email: vlstanojevic@gmail.com<\/strong><\/p>\n<\/div>\n<\/div>\n\n\n\n<div class=\"wp-block-columns is-layout-flex wp-container-core-columns-is-layout-9d6595d7 wp-block-columns-is-layout-flex\">\n<div class=\"wp-block-column is-layout-flow wp-block-column-is-layout-flow\"><\/div>\n<\/div>\n","protected":false},"excerpt":{"rendered":"<p>Stalni sudski ve\u0161tak za IT Vladimir Stanojevi\u0107doktor ra\u010dunarskih naukaBr. re\u0161enja ministarstva pravde:740-05-00650\/2014-22 od 8.12.2014.Telefon: 063\/329-041email: vlstanojevic@gmail.com<\/p>\n","protected":false},"author":1,"featured_media":0,"parent":0,"menu_order":0,"comment_status":"closed","ping_status":"closed","template":"","meta":{"footnotes":""},"class_list":["post-29","page","type-page","status-publish","hentry"],"jetpack_sharing_enabled":true,"_links":{"self":[{"href":"http:\/\/itvestak.co.rs\/index.php?rest_route=\/wp\/v2\/pages\/29","targetHints":{"allow":["GET"]}}],"collection":[{"href":"http:\/\/itvestak.co.rs\/index.php?rest_route=\/wp\/v2\/pages"}],"about":[{"href":"http:\/\/itvestak.co.rs\/index.php?rest_route=\/wp\/v2\/types\/page"}],"author":[{"embeddable":true,"href":"http:\/\/itvestak.co.rs\/index.php?rest_route=\/wp\/v2\/users\/1"}],"replies":[{"embeddable":true,"href":"http:\/\/itvestak.co.rs\/index.php?rest_route=%2Fwp%2Fv2%2Fcomments&post=29"}],"version-history":[{"count":7,"href":"http:\/\/itvestak.co.rs\/index.php?rest_route=\/wp\/v2\/pages\/29\/revisions"}],"predecessor-version":[{"id":59,"href":"http:\/\/itvestak.co.rs\/index.php?rest_route=\/wp\/v2\/pages\/29\/revisions\/59"}],"wp:attachment":[{"href":"http:\/\/itvestak.co.rs\/index.php?rest_route=%2Fwp%2Fv2%2Fmedia&parent=29"}],"curies":[{"name":"wp","href":"https:\/\/api.w.org\/{rel}","templated":true}]}}